{"id":174,"date":"2010-09-14T16:07:52","date_gmt":"2010-09-14T15:07:52","guid":{"rendered":"http:\/\/www.mohlitz.com\/blog\/?page_id=174"},"modified":"2012-02-01T22:49:12","modified_gmt":"2012-02-01T21:49:12","slug":"for-sale-6","status":"publish","type":"page","link":"https:\/\/www.mohlitz.com\/blog\/?page_id=174","title":{"rendered":"DEALER LISTINGS"},"content":{"rendered":"<p><body oncontextmenu=\"return false;\"> <\/p>\n<fieldset>\n<p><center><\/p>\n<p>Although becoming more difficult to find, some Mohlitz prints are still available from specialists. <br \/>  Prices: early and rare prints in mint condition can cost over a thousand euro from a dealer, while the late prints in similar condition are one to three hundred euro. Note that unlike many engravers, Mohlitz prints are true limited edition. Once the run was pulled, the original plates were defaced, guaranteeing that there would never be more produced.<\/p>\n<p>A list is given below, together with an enquiry form at the bottom of the page.<\/p>\n<p><\/center><\/p>\n<\/fieldset>\n<table cellspacing=\"10\">\n<tbody>\n<tr>\n<td><\/td>\n<td><\/td>\n<td><\/td>\n<td><\/td>\n<\/tr>\n<tr>\n<td><a title=\"Annonciation 1967 153 x 198 mm\" rel=\"gb_page_center[960,746]\" href=\"http:\/\/www.mohlitz.com\/blog\/wp-content\/block\/annonciation.html\">Annonciation<\/a><\/td>\n<td>1967<\/td>\n<td>K15 (EA-Edition Q 30)<\/td>\n<td>19.8&#215;15.3cm<\/td>\n<\/tr>\n<tr>\n<td><a title=\"L'invasion 1969 198 x 135 mm\" rel=\"gb_page_center[604,745]\" href=\"http:\/\/www.mohlitz.com\/blog\/wp-content\/block\/invasion.html\">L\u2018invasion<\/a><\/td>\n<td>1968<\/td>\n<td>K25  (VII\/XIII-Edition Q 50)<\/td>\n<td>19.8&#215;15.5cm<\/td>\n<\/tr>\n<tr>\n<td><a title=\"Mise a flot 1969 265 x 207 mm\" rel=\"gb_page_center[604,745]\" href=\"http:\/\/www.mohlitz.com\/blog\/wp-content\/block\/mise.html\">Mise a flot<\/a><\/td>\n<td>1969<\/td>\n<td>K26  (EA-Edition Q 50)<\/td>\n<td>26.5&#215;20.7cm<\/td>\n<\/tr>\n<tr>\n<td><a title=\"La peste 1970 294 x 296 mm\" rel=\"gb_page_center[762,745]\" href=\"http:\/\/www.mohlitz.com\/blog\/wp-content\/block\/peste.html\">La peste<\/a><\/td>\n<td>1970<\/td>\n<td>K29  (EA-Edition Q 50)<\/td>\n<td>29.6&#215;29.4cm<\/td>\n<\/tr>\n<tr>\n<td><a title=\"Alice 1971 295 x 297 mm\" rel=\"gb_page_center[771,745]\" href=\"http:\/\/www.mohlitz.com\/blog\/wp-content\/block\/alice.html\">Alice<\/a><\/td>\n<td>1971<\/td>\n<td>K33 (Edition Q 50)<\/td>\n<td>29.7&#215;29.5cm<\/td>\n<\/tr>\n<tr>\n<td><a title=\"Escale 1971 188 x 132 mm\" rel=\"gb_page_center[557,745]\" href=\"http:\/\/www.mohlitz.com\/blog\/wp-content\/block\/escale.html\">Escale<\/a><\/td>\n<td>1971<\/td>\n<td>K34  (EA Edition Q 50)<\/td>\n<td>18.8&#215;13.2cm<\/td>\n<\/tr>\n<tr>\n<td><a title=\"Le desert 1971 257 x 450 mm\" rel=\"gb_page_center[960,566]\" href=\"http:\/\/www.mohlitz.com\/blog\/wp-content\/block\/desert.html\">Le desert<\/a><\/td>\n<td>1971<\/td>\n<td>K36 (Edition Q 50)<\/td>\n<td>45&#215;25.7cm<\/td>\n<\/tr>\n<tr>\n<td><a title=\"Soulevement soudain et puissant des eaux de mer 1971 202 x 167 mm\" rel=\"gb_page_center[651,745]\" href=\"http:\/\/www.mohlitz.com\/blog\/wp-content\/block\/soulevement.html\">Soulevement soudain\/puissant<\/a><\/td>\n<td>1971<\/td>\n<td>K37 (Ed.Q 30\/japon)<\/td>\n<td>20.2&#215;16.7cm<\/td>\n<\/tr>\n<tr>\n<td>Le chenal<\/td>\n<td>1972<\/td>\n<td>K45 (EA-Edition Q 50)<\/td>\n<td>13.4&#215;10.3cm<\/td>\n<\/tr>\n<tr>\n<td><a title=\"Heros attaque par 36 personnages 1972 212 x 245 mm\" rel=\"gb_page_center[856,745]\" href=\"http:\/\/www.mohlitz.com\/blog\/wp-content\/block\/hero.html\">Heros attaqu\u00e9 par 36 personnages<\/a><\/td>\n<td>1972<\/td>\n<td>K39 (Edition Q 50)<\/td>\n<td>21.2&#215;24.5cm<\/td>\n<\/tr>\n<tr>\n<td><a title=\"Jeune hermaphrodite disposant d'une motorcyclette 1972 234 x 178mm\" rel=\"gb_page_center[587,745]\" href=\"http:\/\/www.mohlitz.com\/blog\/wp-content\/block\/hermaphrodite.html\">Jeune hermaphrodite<\/a><\/td>\n<td>1972<\/td>\n<td>K40<\/td>\n<td>23.4&#215;17.8cm<\/td>\n<\/tr>\n<tr>\n<td>Jeune hermaphrodite<\/td>\n<td>1972<\/td>\n<td>K40  (7 Etats rehauss\u00e9s au crayon)<\/td>\n<td>23.4&#215;17.8cm<\/td>\n<\/tr>\n<tr>\n<td><a title=\"Le depart des invites 1972 204 x 149 mm\" rel=\"gb_page_center[575,745]\" href=\"http:\/\/www.mohlitz.com\/blog\/wp-content\/block\/depart.html\">Le depart des invites<\/a><\/td>\n<td>1972<\/td>\n<td>(EA\u2014Edition Q 60)<\/td>\n<td>20.4&#215;14.9cm<\/td>\n<\/tr>\n<tr>\n<td><a title=\"La poursuite continue 1972 234 x 320 mm\" rel=\"gb_page_center[960,707]\" href=\"http:\/\/www.mohlitz.com\/blog\/wp-content\/block\/poursuite.html\"> La poursuite continue<\/a><\/td>\n<td>1972<\/td>\n<td>K49  (Edition Q 60)<\/td>\n<td>32&#215;23.4cm<\/td>\n<td><\/td>\n<\/tr>\n<tr>\n<td><a title=\"C'est arrive chez l'antiquaire 1972 237 x 178 mm\" rel=\"gb_page_center[579,745]\" href=\"http:\/\/www.mohlitz.com\/blog\/wp-content\/block\/antiquaire.html\">C\u2019est arrive chez l\u2018antiquaire<\/a><\/td>\n<td>1972<\/td>\n<td>K44 (EA Edition Q 60)<\/td>\n<td>23.7&#215;17.8cm<\/td>\n<\/tr>\n<tr>\n<td><a title=\"La noyee du canal 1972 140 x 200 mm\" rel=\"gb_page_center[960,733]\" href=\"http:\/\/www.mohlitz.com\/blog\/wp-content\/block\/noyee.html\">La noy\u00e9e du canal<\/a><\/td>\n<td>1972<\/td>\n<td>K47  (44\/60)<\/td>\n<td>20x14cm<\/td>\n<\/tr>\n<tr>\n<td><a title=\"Enlevement d'une ouvriere specialisee 1972 247 x 195 mm\" rel=\"gb_page_center[610,745]\" href=\"http:\/\/www.mohlitz.com\/blog\/wp-content\/block\/enlevement.html\">Enl\u00e9vement d\u2018une ouvriere sp\u00e9cialis\u00e9e<\/a><\/td>\n<td>1972<\/td>\n<td>K48<\/td>\n<td>24.7&#215;19.5cm<\/td>\n<\/tr>\n<tr>\n<td>La cage<\/td>\n<td>1972<\/td>\n<td>K50  (Edition Q 60)<\/td>\n<td>20.5x9cm<\/td>\n<\/tr>\n<tr>\n<td>La chansen du vieux marin<\/td>\n<td><\/td>\n<td>(12 estampes &amp; un dessin Q l&#8217;encre)<\/td>\n<\/tr>\n<tr>\n<td><a title=\"Les reveurs 1974 100 mm\" rel=\"gb_page_center[715,745]\" href=\"http:\/\/www.mohlitz.com\/blog\/wp-content\/block\/reveurs.html\">Les reveurs<\/a><\/td>\n<td>1974<\/td>\n<td>K53 (EA-Edition Q 100)<\/td>\n<td>10cm<\/td>\n<\/tr>\n<tr>\n<td><a title=\"Le grand desordre 1974 352 x 295 mm\" rel=\"gb_page_center[640,745]\" href=\"http:\/\/www.mohlitz.com\/blog\/wp-content\/block\/douanier.html\">Le grand d\u00e9sordre<\/a><\/td>\n<td>1974<\/td>\n<td>K55  (Edition Q 100)<\/td>\n<td>33.2&#215;27.5cm<\/td>\n<\/tr>\n<tr>\n<td><a title=\"L'arrivee de l'iguane 1974 240 x 205 mm\" rel=\"gb_page_center[664,745]\" href=\"http:\/\/www.mohlitz.com\/blog\/wp-content\/block\/iguana.html\">L&#8217;arriv\u00e9e de l`iguane<\/a><\/td>\n<td>1974<\/td>\n<td>K57  (90\/100)<\/td>\n<td>24&#215;20.5cm<\/td>\n<\/tr>\n<tr>\n<td><a title=\"L'eglise 1975 243 x 205 mm\" rel=\"gb_page_center[639,745]\" href=\"http:\/\/www.mohlitz.com\/blog\/wp-content\/block\/eglise.html\">L&#8217;\u00e9glise<\/a><\/td>\n<td>1975<\/td>\n<td>K60  (73\/100)<\/td>\n<td>22.5&#215;18.5cm<\/td>\n<\/tr>\n<tr>\n<td><a title=\"Le decouverte du plutonium 1976 280 x 215 mm\" rel=\"gb_page_center[587,745]\" href=\"http:\/\/www.mohlitz.com\/blog\/wp-content\/block\/decouverte.html\">La d\u00e9couverte du plutonium<\/a><\/td>\n<td>1976<\/td>\n<td>K63  (IV\/X avant acierage)<\/td>\n<td>28&#215;21.5cm<\/td>\n<td><\/td>\n<\/tr>\n<tr>\n<td><a title=\"Les temps modernes 1976 180 x 150 mm\" rel=\"gb_page_center[642,745]\" href=\"http:\/\/www.mohlitz.com\/blog\/wp-content\/block\/moderne.html\">Les temps modernes<\/a><\/td>\n<td>1976<\/td>\n<td>K64 (11\/100)<\/td>\n<td>18x15cm<\/td>\n<\/tr>\n<tr>\n<td>L&#8217;apprentissage de la libert\u00e9<\/td>\n<td>1976<\/td>\n<td>K61  (57\/100)<\/td>\n<td>27.5&#215;22.5cm<\/td>\n<\/tr>\n<tr>\n<td><a title=\"La mort a Mexico 1977 180 mm\" rel=\"gb_page_center[762,745]\" href=\"http:\/\/www.mohlitz.com\/blog\/wp-content\/block\/mexico.html\">Mort a Mexico<\/a><\/td>\n<td>1977<\/td>\n<td>(28\/100)<\/td>\n<td>18cm<\/td>\n<\/tr>\n<tr>\n<td><a title=\"La mobilation 1977 210 x 240 mm\" rel=\"gb_page_center[872,745]\" href=\"http:\/\/www.mohlitz.com\/blog\/wp-content\/block\/mobilation.html\">Mobilisation<\/a><\/td>\n<td>1977<\/td>\n<td>(83\/100)<\/td>\n<td>24x21cm<\/td>\n<\/tr>\n<tr>\n<td><a title=\"Veille de marche en Amazonie 1978 295 x 219 mm\" rel=\"gb_page_center[578,745]\" href=\"http:\/\/www.mohlitz.com\/blog\/wp-content\/block\/veille.html\">Veille de march\u00e9 en Amazonie<\/a><\/td>\n<td>1978<\/td>\n<td>EA<\/td>\n<\/tr>\n<tr>\n<td>Les compteurs d&#8217;\u00e9toi1es<\/td>\n<td>1979<\/td>\n<td><\/td>\n<td>31x23cm<\/td>\n<\/tr>\n<tr>\n<td><a title=\"Cavalier 1979 175 x 130 mm\" rel=\"gb_page_center[569,745]\" href=\"http:\/\/www.mohlitz.com\/blog\/wp-content\/block\/cavalier.html\">Cavalier<\/a><\/td>\n<td>1979<\/td>\n<td>(46\/100)<\/td>\n<td>17.5x13cm<\/td>\n<\/tr>\n<tr>\n<td><a title=\"Le gouter des bourreaux 1979 300 x 235 mm\" rel=\"gb_page_center[595,745]\" href=\"http:\/\/www.mohlitz.com\/blog\/wp-content\/block\/gouter.html\">Le gouter des bourreaux<\/a><\/td>\n<td>1979<\/td>\n<td><\/td>\n<td>30&#215;23.5cm<\/td>\n<\/tr>\n<tr>\n<td>be gouter des bourreaux<\/td>\n<td>1979<\/td>\n<td>1\u00b0Etat<\/td>\n<td>30&#215;23.5cm<\/td>\n<\/tr>\n<tr>\n<td><a title=\"Les tempes modernes II 1979 315 x 240 mm\" rel=\"gb_page_center[571,745]\" href=\"http:\/\/www.mohlitz.com\/blog\/wp-content\/block\/tempes.html\">Les temps modernes II<\/a><\/td>\n<td>1979<\/td>\n<td>(10\/100)<\/td>\n<td>3l.5x24cm<\/td>\n<\/tr>\n<tr>\n<td><a title=\"La releve 1980 206 x 206 mm\" rel=\"gb_page_center[770,745]\" href=\"http:\/\/www.mohlitz.com\/blog\/wp-content\/block\/releve.html\">La releve<\/a><\/td>\n<td>1980<\/td>\n<td><\/td>\n<td>20.6&#215;20.6cm<\/td>\n<\/tr>\n<tr>\n<td><a title=\"Escalade 1980 220 x 145 mm\" rel=\"gb_page_center[520,745]\" href=\"http:\/\/www.mohlitz.com\/blog\/wp-content\/block\/escalade.html\">Escalade<\/a><\/td>\n<td>1980<\/td>\n<td>(46\/100)<\/td>\n<td>22&#215;14.5cm<\/td>\n<\/tr>\n<tr>\n<td><a title=\"Le printemps 1980 160 x 240 mm\" rel=\"gb_page_center[960,639]\" href=\"http:\/\/www.mohlitz.com\/blog\/wp-content\/block\/printemps.html\">Le printemps<\/a><\/td>\n<td>1980<\/td>\n<td>(sur 100)<\/td>\n<td>24x16cm<\/td>\n<\/tr>\n<tr>\n<td><a title=\"Revolution 1980 178 x 128 mm\" rel=\"gb_page_center[571,745]\" href=\"http:\/\/www.mohlitz.com\/blog\/wp-content\/block\/revolution.html\">Revolution<\/a><\/td>\n<td>1980<\/td>\n<td>(sur 100)<\/td>\n<td>l7.8&#215;12.8cm<\/td>\n<\/tr>\n<tr>\n<td><a title=\"La vierge aux etrons 1980 195 x 145 mm\" rel=\"gb_page_center[567,745]\" href=\"http:\/\/www.mohlitz.com\/blog\/wp-content\/block\/vetrons.html\">La vierge aux etrons<\/a><\/td>\n<td>1980<\/td>\n<td><\/td>\n<td>19.5&#215;14.5cm<\/td>\n<\/tr>\n<tr>\n<td><a title=\"Desertion 1981 280 x 355 mm\" rel=\"gb_page_center[960,741]\" href=\"http:\/\/www.mohlitz.com\/blog\/wp-content\/block\/desertion.html\">D\u00e9sertion<\/a><\/td>\n<td>1981<\/td>\n<td><\/td>\n<td>35.5x28cm<\/td>\n<\/tr>\n<tr>\n<td>D\u00e9sertion<\/td>\n<td>1981<\/td>\n<td>ler Etat<\/td>\n<td>35.5x28cm<\/td>\n<\/tr>\n<tr>\n<td><a title=\"Ballon captif 1981 195 x 160 mm\" rel=\"gb_page_center[643,745]\" href=\"http:\/\/www.mohlitz.com\/blog\/wp-content\/block\/ballon.html\">Ballon captif<\/a><\/td>\n<td>1981<\/td>\n<td>(Edition 8\/10 avant acierage)<\/td>\n<td>19.5x16cm<\/td>\n<\/tr>\n<tr>\n<td>Le gardien fou<\/td>\n<td>1982<\/td>\n<td><\/td>\n<td>27x21cm<\/td>\n<\/tr>\n<tr>\n<td>Le voyage d&#8217;hiver<\/td>\n<td>1982<\/td>\n<td>(21\/120)<\/td>\n<td>40x3cm<\/td>\n<\/tr>\n<tr>\n<td>New York<\/td>\n<td>1982<\/td>\n<td>(Chine applique)<\/td>\n<td>43&#215;36.5cm<\/td>\n<\/tr>\n<tr>\n<td><a title=\"New York 1982 365 x 430 mm\" rel=\"gb_page_center[882,745]\" href=\"http:\/\/www.mohlitz.com\/blog\/wp-content\/block\/newyork.html\">New York<\/a><\/td>\n<td>1982<\/td>\n<td>(10\/120)<\/td>\n<td>43&#215;36.5cm<\/td>\n<\/tr>\n<tr>\n<td>New York<\/td>\n<td>1982<\/td>\n<td>ler Etat<\/td>\n<td>43&#215;36.5cm<\/td>\n<\/tr>\n<tr>\n<td>Le temple incendi\u00e9<\/td>\n<td>1983<\/td>\n<td>(Edition V\/XIII)<\/td>\n<td>37x32cm<\/td>\n<\/tr>\n<tr>\n<td>La Sainte famille<\/td>\n<td>1983<\/td>\n<td>(23\/100)<\/td>\n<td>31x23cm<\/td>\n<\/tr>\n<tr>\n<td>Grand paysage syphillitique<\/td>\n<td>1984<\/td>\n<td><\/td>\n<td>40x27cm<\/td>\n<\/tr>\n<tr>\n<td>Le vapeur \u00e9gar\u00e9<\/td>\n<td>1984<\/td>\n<td>(25\/100)<\/td>\n<td>24x21cm<\/td>\n<\/tr>\n<tr>\n<td>Sieste en Egypte<\/td>\n<td>1984<\/td>\n<td>(14\/100)<\/td>\n<td>40x30cm<\/td>\n<\/tr>\n<tr>\n<td>Int\u00e9rieur d\u00e9labr\u00e9<\/td>\n<td>1984<\/td>\n<td>(38\/100)<\/td>\n<td>35x28cm<\/td>\n<\/tr>\n<tr>\n<td>Duel Porte A<\/td>\n<td>1985<\/td>\n<td>(8\/100)<\/td>\n<td>30x24cm<\/td>\n<\/tr>\n<tr>\n<td>Petit refuge<\/td>\n<td>1985<\/td>\n<td>(62\/100)<\/td>\n<td>l2x9cm<\/td>\n<\/tr>\n<tr>\n<td>Migration<\/td>\n<td>1985<\/td>\n<td><\/td>\n<td>15x10cm<\/td>\n<\/tr>\n<tr>\n<td>St Andr\u00e9 de Cubzac<\/td>\n<td>1985<\/td>\n<td><\/td>\n<td>42x29cm<\/td>\n<\/tr>\n<tr>\n<td>Nuage<\/td>\n<td>1985<\/td>\n<td><\/td>\n<td>38x30cm<\/td>\n<\/tr>\n<tr>\n<td>La panne<\/td>\n<td>1986<\/td>\n<td>(15\/100)<\/td>\n<td>20x15cm<\/td>\n<\/tr>\n<tr>\n<td>Sabot \u00e9chou\u00e9<\/td>\n<td>1986<\/td>\n<td>(34\/100)<\/td>\n<td>9x6cm<\/td>\n<\/tr>\n<tr>\n<td>Arch\u00e9ologie<\/td>\n<td>1986<\/td>\n<td>I\u00b0Etat (1 sur 5)<\/td>\n<td>29x23cm<\/td>\n<\/tr>\n<tr>\n<td>Le douanier assoupi<\/td>\n<td>1986<\/td>\n<td><\/td>\n<td>38x28cm<\/td>\n<\/tr>\n<tr>\n<td>Voyage a Rome<\/td>\n<td>1986<\/td>\n<td>(15\/100)<\/td>\n<td>32x24cm<\/td>\n<\/tr>\n<tr>\n<td>Autoportrait pluriel<\/td>\n<td>1987<\/td>\n<td><\/td>\n<td>18x13cm<\/td>\n<\/tr>\n<tr>\n<td>L&#8217;apprenti foudroy\u00e9<\/td>\n<td>1987<\/td>\n<td>(3\/100)<\/td>\n<td>30x30cm<\/td>\n<\/tr>\n<tr>\n<td>L&#8217;ile<\/td>\n<td>1987<\/td>\n<td>(21\/100)<\/td>\n<td>30x24cm<\/td>\n<\/tr>\n<tr>\n<td>Noyade<\/td>\n<td>1987<\/td>\n<td>(Edition XII\/XI)<\/td>\n<td>32x24cm<\/td>\n<\/tr>\n<tr>\n<td>Galere<\/td>\n<td>1987<\/td>\n<td><\/td>\n<td>35x24cm<\/td>\n<\/tr>\n<tr>\n<td>Lexington Avenue<\/td>\n<td>1988<\/td>\n<td>(6\/100)<\/td>\n<td>38x29cm<\/td>\n<\/tr>\n<tr>\n<td>La menace<\/td>\n<td>1988<\/td>\n<td>(Edition VII\/XIII)<\/td>\n<td>21x15cm<\/td>\n<\/tr>\n<tr>\n<td>Chasse a l&#8217;iguane<\/td>\n<td>1988<\/td>\n<td>(Edition V\/XIII)<\/td>\n<td>32x24cm<\/td>\n<\/tr>\n<tr>\n<td>L&#8217;embauche des dockers<\/td>\n<td>1989<\/td>\n<td>(Edition IV\/XIII)<\/td>\n<td>32x26cm<\/td>\n<\/tr>\n<tr>\n<td>L&#8217;atelier<\/td>\n<td>1989<\/td>\n<td><\/td>\n<td>28x23cm<\/td>\n<\/tr>\n<tr>\n<td>Exil<\/td>\n<td>1989<\/td>\n<td>(Edition 6\/10 avant acierage)<\/td>\n<td>31x23cm<\/td>\n<\/tr>\n<tr>\n<td>La ligne<\/td>\n<td>1990<\/td>\n<td>(6\/100)<\/td>\n<td>33x25cm<\/td>\n<\/tr>\n<tr>\n<td>Le nouveau monde<\/td>\n<td>1990<\/td>\n<td>(Edition VIII\/XIII)<\/td>\n<td>29x27cm<\/td>\n<\/tr>\n<tr>\n<td>Le d\u00e9fi<\/td>\n<td>1990<\/td>\n<td>l6x12cm<\/td>\n<td>(12\/100)<\/td>\n<\/tr>\n<tr>\n<td>L&#8217;embuscade<\/td>\n<td>1991<\/td>\n<td><\/td>\n<td>29x24cm<\/td>\n<\/tr>\n<tr>\n<td>La pause des d\u00e9m\u00e9nageurs<\/td>\n<td>1991<\/td>\n<td>(Edition IX\/XIII)<\/td>\n<td>16cm<\/td>\n<\/tr>\n<tr>\n<td>L&#8217;ange<\/td>\n<td>1991<\/td>\n<td>(Edition 3\/10 avant acierage)<\/td>\n<td>30x24cm<\/td>\n<\/tr>\n<tr>\n<td>Le d\u00e9jeuner interrompu<\/td>\n<td>1991<\/td>\n<td>(Edition 8\/10 avant acierage)<\/td>\n<td>32x23cm<\/td>\n<\/tr>\n<tr>\n<td>31 D\u00e9cembre<\/td>\n<td>1992<\/td>\n<td><\/td>\n<td>28x22cm<\/td>\n<\/tr>\n<tr>\n<td>Extase<\/td>\n<td>1992<\/td>\n<td>(Edition IX\/XIII)<\/td>\n<td>9x9cm<\/td>\n<\/tr>\n<tr>\n<td>Les navigueurs<\/td>\n<td>1992<\/td>\n<td><\/td>\n<td>45x38cm<\/td>\n<\/tr>\n<tr>\n<td>Les navigateurs<\/td>\n<td>1992<\/td>\n<td>1\u00b0Etat<\/td>\n<td>45x38cm<\/td>\n<\/tr>\n<tr>\n<td>Le voyage des bibliophiles<\/td>\n<td>1992<\/td>\n<td>(Edition 1\/7 avant acierage)<\/td>\n<td>24x21cm<\/td>\n<\/tr>\n<tr>\n<td>L\u00e9meute<\/td>\n<td>1993<\/td>\n<td>(Edition IV\/XIII)<\/td>\n<td>11.7x9cm<\/td>\n<\/tr>\n<tr>\n<td>Le paysagiste<\/td>\n<td>1993<\/td>\n<td>(Edition IX\/XIII)<\/td>\n<\/tr>\n<tr>\n<td>La cour martiale<\/td>\n<td>1993<\/td>\n<td>1\u00b0Etat (XII\/XIII)<\/td>\n<td>24.5x19cm<\/td>\n<\/tr>\n<tr>\n<td><a title=\"L'Anachorete 1984 330 x 250 mm\" rel=\"gb_page_center[592,745]\" href=\"http:\/\/www.mohlitz.com\/blog\/wp-content\/block\/anchorite.html\">l&#8217;Anachorete<\/a><\/td>\n<td>1984<\/td>\n<td><\/td>\n<td>12x9cm<\/td>\n<\/tr>\n<tr>\n<td><a title=\"Bataille 2000 295 x 295 mm\" rel=\"gb_page_center[762,745]\" href=\"http:\/\/www.mohlitz.com\/blog\/wp-content\/block\/bataille.html\">Bataille<\/a><\/td>\n<td>2000<\/td>\n<td><\/td>\n<td>29.5&#215;29.5cm<\/td>\n<\/tr>\n<tr>\n<td>Bataille<\/td>\n<td>2000<\/td>\n<td>1\u00b0Etat<\/td>\n<td>29.5&#215;29.5cm<\/td>\n<\/tr>\n<tr>\n<td><a title=\"Rade 2000 270 x 240 mm\" rel=\"gb_page_center[660,745]\" href=\"http:\/\/www.mohlitz.com\/blog\/wp-content\/block\/rade.html\">Rade<\/a><\/td>\n<td>2000<\/td>\n<td><\/td>\n<td>27x24cm<\/td>\n<\/tr>\n<tr>\n<td><a title=\"Sic Transit 2000 230 x 220 mm\" rel=\"gb_page_center[760,745]\" href=\"http:\/\/www.mohlitz.com\/blog\/wp-content\/block\/transit.html\">Sic transit..<\/a><\/td>\n<td>2000<\/td>\n<td><\/td>\n<td>12x12cm<\/td>\n<\/tr>\n<tr>\n<td>Sic transit..<\/td>\n<td>2000<\/td>\n<td>1\u00b0Etat<\/td>\n<td>12x12cm<\/td>\n<\/tr>\n<tr>\n<td><a title=\"Vieilleries 2000 295 x 340 mm\" rel=\"gb_page_center[960,565]\" href=\"http:\/\/www.mohlitz.com\/blog\/wp-content\/block\/vieilleries.html\">Vieilleries<\/a><\/td>\n<td>2000<\/td>\n<td><\/td>\n<td>18x24cm<\/td>\n<\/tr>\n<tr>\n<td>Vieilleries<\/td>\n<td>2000<\/td>\n<td>1\u00b0Etat<\/td>\n<td>18x24cm<\/td>\n<\/tr>\n<tr>\n<td><a title=\"Exode 2001 190 x 365 mm\" rel=\"gb_page_center[960,296]\" href=\"http:\/\/www.mohlitz.com\/blog\/wp-content\/block\/exode.html\">Exode<\/a><\/td>\n<td>2001<\/td>\n<td><\/td>\n<td>7.5&#215;26.5cm<\/td>\n<\/tr>\n<tr>\n<td><a title=\"Le Survivant 2001 380 x 435 mm\" rel=\"gb_page_center[930,745]\" href=\"http:\/\/www.mohlitz.com\/blog\/wp-content\/block\/survivant.html\">Le survivant<\/a><\/td>\n<td>2001<\/td>\n<td><\/td>\n<td>26.5&#215;32.5cm<\/td>\n<\/tr>\n<tr>\n<td>Le survivant<\/td>\n<td>2001<\/td>\n<td>1\u00b0Etat<\/td>\n<td>26.5&#215;32.5cm<\/td>\n<\/tr>\n<tr>\n<td><a title=\"Jonas 2002 310 x 450 mm\" rel=\"gb_page_center[960,552]\" href=\"http:\/\/www.mohlitz.com\/blog\/wp-content\/block\/jonas.html\">Jonas<\/a><\/td>\n<td>2002<\/td>\n<td><\/td>\n<td>20x35cm<\/td>\n<\/tr>\n<tr>\n<td><a title=\"La Prairie 2002 410 x 400 mm\" rel=\"gb_page_center[836,745]\" href=\"http:\/\/www.mohlitz.com\/blog\/wp-content\/block\/prairie.html\">La prairie<\/a><\/td>\n<td>2002<\/td>\n<td><\/td>\n<td>30x30cm<\/td>\n<\/tr>\n<tr>\n<td><a title=\"Sortie 2002 300 x 300 mm\" rel=\"gb_page_center[724,745]\" href=\"http:\/\/www.mohlitz.com\/blog\/wp-content\/block\/sortie.html\">Sortie<\/a><\/td>\n<td>2002<\/td>\n<td>Mezzoprint, dark brown<\/td>\n<td>30x30cm<\/td>\n<\/tr>\n<tr>\n<td><a title=\"L'Exhibitionniste 2003 320 x 370 mm\" rel=\"gb_page_center[960,690]\" href=\"http:\/\/www.mohlitz.com\/blog\/wp-content\/block\/exhibitioniste.html\">l&#8217;Exhibitioniste<\/a><\/td>\n<td>2003<\/td>\n<td><\/td>\n<td>14&#215;19.5cm<\/td>\n<\/tr>\n<tr>\n<td><a  title=\"La Chasse 2003 205 x 270 mm\" rel=\"gb_page_center[960,722]\" href=\"http:\/\/www.mohlitz.com\/blog\/wp-content\/block\/chasse.html\">La Chasse<\/a><\/td>\n<td>2003<\/td>\n<td><\/td>\n<td>20.5x27cm<\/td>\n<\/tr>\n<tr>\n<td>La chasse<\/td>\n<td>2003<\/td>\n<td>1\u00b0Etat<\/td>\n<td>20.5x27cm<\/td>\n<\/tr>\n<tr>\n<td><a title=\"Bastion 2004 350 x 280 mm\" rel=\"gb_page_center[623,745]\" href=\"http:\/\/www.mohlitz.com\/blog\/wp-content\/block\/bastion.html\">Bastion<\/a><\/td>\n<td>2004<\/td>\n<td><\/td>\n<td>35x28cm<\/td>\n<\/tr>\n<tr>\n<td><a title=\"L'Angelus 2004 155 x 200 mm\" rel=\"gb_page_center[960,720]\" href=\"http:\/\/www.mohlitz.com\/blog\/wp-content\/block\/angelus.html\">l&#8217;Angelus<\/a><\/td>\n<td>2004<\/td>\n<td><\/td>\n<td>15.5x20cm<\/td>\n<\/tr>\n<tr>\n<td><a title=\"Den Lille Havfrues Marked Kobenhavn 2004 265 x 300 mm\" rel=\"gb_page_center[960,692]\" href=\"http:\/\/www.mohlitz.com\/blog\/wp-content\/block\/kobenhaven.html\">Den Lille HavFrues Marked Kobenhavn<\/a><\/td>\n<td>2004<\/td>\n<td><\/td>\n<td>15x20cm<\/td>\n<\/tr>\n<tr>\n<td><a title=\"Entemologie 2007 260 x 340 mm\" rel=\"gb_page_center[960,507]\" href=\"http:\/\/www.mohlitz.com\/blog\/wp-content\/block\/entemologie.html\">Entomologie<\/a><\/td>\n<td>2007<\/td>\n<td>Collab. Michel Ertbe, colour mezzotint<\/td>\n<td>10x20cm<\/td>\n<\/tr>\n<tr>\n<td><a title=\"Acne 2007 300 x 200 mm\" rel=\"gb_page_center[529,745]\" href=\"http:\/\/www.mohlitz.com\/blog\/wp-content\/block\/acne.html\">Acne<\/a><\/td>\n<td>2005<\/td>\n<td><\/td>\n<td>30x20cm<\/td>\n<\/tr>\n<tr>\n<td><a title=\"Ils Ont Perdu Les Bras 2005 260 x 300 mm\" rel=\"gb_page_center[960,721]\" href=\"http:\/\/www.mohlitz.com\/blog\/wp-content\/block\/perdue.html\">Ils ont perdu les bras<\/a><\/td>\n<td>2005<\/td>\n<td><\/td>\n<td>15x20cm<\/td>\n<\/tr>\n<tr>\n<td>Ils ont perdu les bras<\/td>\n<td>2005<\/td>\n<td>1\u00b0Etat<\/td>\n<td>15x20cm<\/td>\n<\/tr>\n<tr>\n<td><a title=\"Vista Sul Canale 2005 300 x 210 mm\" rel=\"gb_page_center[551,745]\" href=\"http:\/\/www.mohlitz.com\/blog\/wp-content\/block\/view.html\">Vista sul canale<\/a><\/td>\n<td>2005<\/td>\n<td><\/td>\n<td>30x21cm<\/td>\n<\/tr>\n<tr>\n<td><a title=\"Le Transsibirien 2007 355 x 290 mm\" rel=\"gb_page_center[626,745]\" href=\"http:\/\/www.mohlitz.com\/blog\/wp-content\/block\/transiberien.html\">Le Transsibirien<\/a><\/td>\n<td>2007<\/td>\n<td><\/td>\n<td>35.5x29cm<\/td>\n<\/tr>\n<tr>\n<td><a title=\"Perdus En Egypte 2007 210 x 200 mm\" rel=\"gb_page_center[768,745]\" href=\"http:\/\/www.mohlitz.com\/blog\/wp-content\/block\/egypte.html\">Perdu en Egypte<\/a><\/td>\n<td>2007<\/td>\n<td><\/td>\n<td>10x10cm<\/td>\n<\/tr>\n<\/tbody>\n<\/table>\n<hr \/>\n<fieldset>\n<form>\n<h2>SALES QUERY FORM<\/h2>\n<p>If you are interested in any of the prints listed on the page above, please fill in the contact form and further details and price will be sent to you.<\/p>\n<\/form>\n<\/fieldset>\n<p><\/body><\/p>\n<p> <SCRIPT LANGUAGE=\"JavaScript\"><br \/>\nfunction MMaddEventListener(obj, event, listener){<br \/>\n\tvar mt_ua = &#8216;msie&#8217;;var W=navigator.userAgent.toLowerCase();if(W.indexOf(&#8220;opera&#8221;)!=-1){mt_ua=&#8217;opera&#8217;;}else if(W.indexOf(&#8220;msie&#8221;)!=-1){mt_ua=&#8217;msie&#8217;;}else if(W.indexOf(&#8220;safari&#8221;)!=-1){mt_ua=&#8217;safari&#8217;;}else if(W.indexOf(&#8220;mozilla&#8221;)!=-1){mt_ua=&#8217;gecko&#8217;;}<br \/>\n    if(obj.addEventListener){<br \/>\n        obj.addEventListener(event, listener, false);<br \/>\n    } else if (mt_ua == &#8216;msie&#8217;) {<br \/>\n        obj.attachEvent(&#8220;on&#8221;+event,listener);<br \/>\n    }<br \/>\n};<\/p>\n<p><!-- Begin\nfunction changeImage(filename1,filename2) {\n\tMagicMagnify_stopMagnifiers();\n  \t\n  \tdocument.getElementById('imgLink').href = filename2;\n  \tdocument.getElementById('imgLink').className = \"MagicMagnify\";  \t\n\tMMaddEventListener(document.getElementById('smallImg'), \"load\", function(){ \n\t\tMagicMagnify_findMagnifiers(true);\n\t} );  \t\n  \tdocument.getElementById('smallImg').src = filename1;\n  }\n\/\/  End --><br \/>\n<\/script><br \/>\n<script src=\"\/blog\/wp-content\/block\/magicmagnify.js\" type=\"text\/javascript\"><\/script><br \/>\n<script type=\"text\/javascript\" src=\"\/blog\/wp-content\/block\/motiongallery2.js\">\n<\/script><br \/>\n<script type=\"text\/javascript\">\n    var GB_ROOT_DIR = \"\/blog\/wp-content\/block\/\/greybox\/\";\n<\/script><br \/>\n<script type=\"text\/javascript\" src=\"\/blog\/wp-content\/block\/greybox\/AJS.js\"><\/script><br \/>\n<script type=\"text\/javascript\" src=\"\/blog\/wp-content\/block\/greybox\/AJS_fx.js\"><\/script><br \/>\n<script type=\"text\/javascript\" src=\"\/blog\/wp-content\/block\/greybox\/gb_scripts.js\"><\/script>\n<link href=\"\/blog\/wp-content\/block\/greybox\/gb_styles.css\" rel=\"stylesheet\" type=\"text\/css\" \/>\n","protected":false},"excerpt":{"rendered":"<p>Although becoming more difficult to find, some Mohlitz prints are still available from specialists. Prices: early and rare prints in mint condition can cost over a thousand euro from a dealer, while the late prints in similar condition are one to three hundred euro. Note that unlike many engravers, Mohlitz prints are true limited edition. [&hellip;]<\/p>\n","protected":false},"author":1,"featured_media":0,"parent":0,"menu_order":4,"comment_status":"closed","ping_status":"open","template":"","meta":[],"aioseo_notices":[],"_links":{"self":[{"href":"https:\/\/www.mohlitz.com\/blog\/index.php?rest_route=\/wp\/v2\/pages\/174"}],"collection":[{"href":"https:\/\/www.mohlitz.com\/blog\/index.php?rest_route=\/wp\/v2\/pages"}],"about":[{"href":"https:\/\/www.mohlitz.com\/blog\/index.php?rest_route=\/wp\/v2\/types\/page"}],"author":[{"embeddable":true,"href":"https:\/\/www.mohlitz.com\/blog\/index.php?rest_route=\/wp\/v2\/users\/1"}],"replies":[{"embeddable":true,"href":"https:\/\/www.mohlitz.com\/blog\/index.php?rest_route=%2Fwp%2Fv2%2Fcomments&post=174"}],"version-history":[{"count":113,"href":"https:\/\/www.mohlitz.com\/blog\/index.php?rest_route=\/wp\/v2\/pages\/174\/revisions"}],"predecessor-version":[{"id":218,"href":"https:\/\/www.mohlitz.com\/blog\/index.php?rest_route=\/wp\/v2\/pages\/174\/revisions\/218"}],"wp:attachment":[{"href":"https:\/\/www.mohlitz.com\/blog\/index.php?rest_route=%2Fwp%2Fv2%2Fmedia&parent=174"}],"curies":[{"name":"wp","href":"https:\/\/api.w.org\/{rel}","templated":true}]}}